51 = -5*x, -s = x + 13. Let i be g(s). What is the highest common divisor of i and m?
18
Let q = -120 + 567. Let o be ((-84)/9)/(q/(-63) + 7). Calculate the greatest common divisor of 882 and o.
98
Let z(p) be the third derivative of 1/8*p**4 + 17/6*p**3 - 3*p**2 + 0*p + 0. Let h be z(-5). Calculate the greatest common factor of h and 18.
2
Let l be (20/(-9))/((-140)/630) + 149. Let o be (159 - 0)*2/6. What is the greatest common factor of o and l?
53
Suppose 17*t - 16949 + 2970 - 51828 = 0. Calculate the highest common divisor of t and 98.
49
Let b = 2874 + -1327. Suppose 17*z - 765 = b. What is the greatest common divisor of 102 and z?
34
Let i(q) = 223*q - 1257. Let p be i(6). Calculate the greatest common factor of 594 and p.
27
Suppose 10*p - 8*p - 78 = 0. Let v be p - -1 - 9/(27/12). Calculate the greatest common factor of 252 and v.
36
Let q be -3 - (11 - (1 + 1)). Let d = 2 - q. Suppose 0 = -3*l + 70 + d. Calculate the highest common factor of l and 196.
28
Suppose -228*n + i - 2056 = -230*n, -4*i - 4100 = -4*n. Calculate the highest common factor of 13 and n.
13
Suppose 0 = 2*l - 6*l + 220. Let u be ((-294)/(-28) + -12)/(((-14)/(-4))/(-7)). Suppose -u*x - l = -475. What is the highest common divisor of x and 28?
28
Let y be ((-46)/15 + 4/6)*(-4350)/20. What is the greatest common factor of 90 and y?
18
Let x be (4460/(-12))/(2 - 91/45). Suppose 24*u = 603 + x. Calculate the greatest common divisor of 38 and u.
38
Let l = 6368 - 6228. Calculate the greatest common divisor of l and 290.
10
Let a = 139 + -137. Suppose -2*u - a*u = 4*g - 572, -3*g = 0. What is the greatest common factor of 39 and u?
13
Let x(y) = -y**3 + 8*y**2 + 23*y - 20. Let f be x(10). Suppose -f*j + 405 = -7*j. What is the highest common factor of 45 and j?
45
Let f be 772 - (-2 + 4 + -4). Let y be (48/20)/(f/110 - 7). Calculate the highest common divisor of y and 66.
66
Suppose 0 = 4*v - c - 355, -4*c + 61 = 4*v - 279. Calculate the greatest common divisor of v and 968.
88
Suppose 231022 = 228*c + 556*c + 67950. Calculate the greatest common divisor of c and 650.
26
Let b(v) = v**2 + 2*v - 22. Let a be b(5). Suppose -a*g = -15*g - 2. Let o be g*9*16/(-12). What is the highest common factor of 60 and o?
12
Let l(m) = -8 + 3 + m**2 + 3 + m + 3. Let k be l(-4). Calculate the greatest common factor of 39 and k.
13
Let l(o) = -103*o - 5323. Let q be l(-61). Calculate the greatest common divisor of 864 and q.
96
Suppose 39*z + 3*z - 28150 = 55640. Calculate the highest common divisor of 42 and z.
21
Let n = -213 - -216. Suppose n*j = -5 + 221. What is the greatest common divisor of 16 and j?
8
Suppose 0 = 5*h + 19 + 1, h - 32 = -3*x. Suppose 44*y - x = 47*y. Let f be y/22 + 277/11. Calculate the highest common divisor of 225 and f.
25
Let m(z) = -7*z**3 - 8*z**2 - 48*z - 373. Let a be m(-13). What is the highest common divisor of 236 and a?
118
Let p be (-8)/(-5)*((-42)/4 + 13) + 5. What is the highest common divisor of 27 and p?
9
Let m(g) = -6 + 11 + 26 + 11*g. Let h be (-70)/40 + 117/12. Let s be m(h). Calculate the highest common divisor of s and 17.
17
Let x be ((0 - -233)/(3 - 2))/1. Let c = 332 - x. What is the greatest common factor of c and 11?
11
Suppose -94*n = -52139 + 9651. What is the highest common divisor of 20 and n?
4
Let j be 2/(-6)*(-645)/172 - 51011/(-4). Calculate the highest common divisor of 14 and j.
14
Let x(s) = 7*s**3 + 6*s**2 - 6*s + 2. Let h be x(4). Let z = -352 + h. What is the greatest common divisor of 20 and z?
10
Suppose -39997 = -42*j + 75040 - 4157. What is the greatest common divisor of 160 and j?
80
Let b = -52 - -100. Suppose -b = 3*y - 7*y. Suppose 4*g = -x + 152, -x - 3*x - 5*g = -553. Calculate the greatest common factor of y and x.
12
Let y be 8*(-1)/(-20) - 778/(-5). Suppose 2*q - 490 = -4*v + 46, 0 = 3*q + v - 784. Calculate the greatest common divisor of y and q.
52
Let g(c) = 6*c - 63. Let n be g(10). Let x(z) = 7*z**2 - 18. Let h be x(n). Let b(v) = -30*v. Let u be b(-1). What is the highest common divisor of u and h?
15
Let s(m) = -70*m + 12. Let k(l) = l**3 - 18*l**2 + 2*l - 41. Let a be k(18). Let z be s(a). Let h = -242 + z. Calculate the highest common divisor of 24 and h.
24
Let j be 4 + -1 - (-15 + -19). Let p = j - 12. What is the highest common factor of 125 and p?
25
Suppose 2*j + 4*l - 38 = 0, j - 14847*l + 37 = -14842*l. Suppose -3*d - 2*c + 15 = 0, -d - 4*c + 5 = -0*c. What is the greatest common factor of d and j?
1
Let s = -3 - -5. Let a be (-39)/(-65) + 37/5. Suppose 3*y + a = 50. What is the highest common divisor of y and s?
2
Let v(f) = 30*f**2 + f + 1. Let i be v(-1). Let q = 54452 + -54392. Calculate the highest common factor of i and q.
30
Let f be (-5 - 1756/(-22)) + ((-4)/(-22) - 0). Calculate the greatest common divisor of f and 3075.
75
Suppose -19*p - 5*s = -15*p - 21, p - 4*s = 0. Suppose -4*z + p*g = 4, -9*g + 10*g - 5 = -z. What is the greatest common factor of z and 9?
1
Let s = 28 - -29. Suppose -7*o = -o + 612. Let b = o + 121. Calculate the highest common factor of b and s.
19
Let m(k) = k**3 + 9*k**2 - 13*k - 2. Let j be m(-10). Suppose 0 = 1711*p - 1722*p + 2464. What is the greatest common factor of p and j?
28
Let z(d) = -16*d + 13. Let h be z(22). Let r = h + 349. Calculate the highest common factor of 410 and r.
10
Let a(b) = -36*b - 20. Let x be a(-2). Let f = x - 47. Calculate the greatest common factor of 160 and f.
5
Let c = 20 - 19. Let h be 3 + (c - (-6 + 4)). Suppose -98 = -h*i + 142. What is the greatest common divisor of i and 5?
5
Let k = -9 - -24. Let o = 15380 - 15185. Calculate the highest common divisor of o and k.
15
Let x(u) = -3*u. Let t be x(-1). Suppose 7*f - 14 = -0*f. Suppose f = -32*q + 33*q. What is the highest common factor of t and q?
1
Let n = 6 - -37. Let u = -27 + n. Let v be (-200)/(-175)*21/6. Calculate the greatest common factor of v and u.
4
Let u be 13637/78 + 4/24. Let s(n) = -n**3 - 5*n**2 - 2*n - 3. Let t be s(-5). Calculate the greatest common divisor of t and u.
7
Suppose 199 = 108*m + 1 - 18. Let r(u) = u**2 + 3*u - 6. Let q be r(-5). Calculate the highest common factor of q and m.
2
Suppose -24 + 74 = 10*t. Let u(o) = 16*o + 50. Let w be u(t). What is the highest common divisor of 26 and w?
26
Suppose 3*m - 21 = 0, -547 = -3*i - 15*m + 11*m. What is the highest common divisor of i and 5017?
173
Let j = 46 - 39. Let t = 57 + j. Calculate the highest common divisor of t and 4.
4
Suppose 5*c - 80 = 95. Let k(i) = -69 - 61 + 44 + 13*i. Let n be k(7). What is the highest common factor of c and n?
5
Let k = -2930 - -3740. What is the highest common factor of 80 and k?
10
Let l be (1 + -3)*(-21)/6. Suppose -263*o - 51*o - 770 = -2968. What is the highest common divisor of l and o?
7
Suppose 0 = 5*v + 4*t - 465, 3*t + 145 + 320 = 5*v. Let i(q) = -5*q - 4. Let n be i(-7). What is the highest common factor of v and n?
31
Suppose 4768*m - 4727*m - 1147467 = 0. What is the greatest common factor of m and 57?
57
Let a = 10290 + -4817. What is the greatest common factor of a and 13?
13
Let q be (530 - 3) + 9 + (-42)/7. Suppose 9*p = q + 253. Calculate the greatest common divisor of p and 58.
29
Suppose 3042 - 13327 = -85*a. What is the greatest common divisor of a and 3267?
121
Suppose 15*c + 114 = -36. Suppose 3*h - 7 = 4*h + 2*r, -2*h = r + 8. Let y be h + 2*(-265)/c. What is the greatest common factor of y and 10?
10
Suppose 0 = -2*p - 0*p + r + 244, 0 = -2*r. Let d = 126 - p. Calculate the highest common divisor of 36 and d.
4
Let c = -883 - -247. Let k = c + 716. Calculate the greatest common factor of 24 and k.
8
Let w = 10 + -1. Let f = 63 + -60. Let z(i) = 8*i**2 + 2*i + 3. Let j be z(f). What is the highest common factor of w and j?
9
Let t be 6*1 + -25 + 1431. Suppose 0 = -4*j + 2*o + 1418, -3*j - 381 = 5*o - t. What is the highest common factor of j and 96?
32
Suppose 24 = r + 2*r. Let k = 1343 - 1305. Suppose 39*f - 56 = k*f. Calculate the greatest common divisor of r and f.
8
Suppose 2*h - 64 = -52. Let d be -4 + 2 - -3 - -41. Calculate the greatest common divisor of h and d.
6
Let z(n) = 85*n**2 + 194*n + 22. Let t be z(-5). What is the highest common factor of t and 55?
11
Let x(b) = 4*b**3 - 13 - b**3 + 2 - 4*b**3 - 27*b - 3 - 9*b**2. Le